r of 14221557?
False
Does 121 divide 168898945?
False
Is 1893517637 a multiple of 11?
True
Does 813 divide 17091699?
True
Is 952 a factor of 282530752?
True
Is 385446836 a multiple of 1942?
False
Is 33426103 a multiple of 165?
False
Is 1103 a factor of 28168414?
True
Is 1672477632 a multiple of 6048?
True
Does 30 divide 18429235?
False
Does 24 divide 32590848?
True
Is 6253 a factor of 3220600523?
False
Is 138853552 a multiple of 136?
True
Is 330 a factor of 354912360?
True
Is 5285 a factor of 373660070?
True
Does 1468 divide 823534788?
True
Is 94736426 a multiple of 1427?
False
Is 896 a factor of 23258368?
True
Is 33 a factor of 1817535918?
True
Is 1981 a factor of 93213539?
False
Is 334520230 a multiple of 37?
False
Is 40467840 a multiple of 480?
True
Does 11 divide 132615307?
True
Is 7245168 a multiple of 48?
True
Does 573 divide 878227781?
False
Is 681 a factor of 272830392?
True
Does 6177 divide 3567980520?
False
Is 60 a factor of 22108280?
False
Is 2282 a factor of 843933804?
True
Is 277 a factor of 66221298?
False
Is 1269 a factor of 404071173?
True
Is 44687139 a multiple of 348?
False
Does 30 divide 596742300?
True
Is 1912174368 a multiple of 7176?
True
Is 47 a factor of 2947790603?
True
Does 115 divide 609615460?
True
Is 332475640 a multiple of 14?
True
Is 33537472 a multiple of 42?
False
Is 189820800 a multiple of 300?
True
Is 65100270 a multiple of 3439?
True
Is 3173676982 a multiple of 1673?
False
Is 725087418 a multiple of 88?
False
Is 489268834 a multiple of 23?
True
Is 252 a factor of 14530501?
False
Is 280661600 a multiple of 87?
False
Does 161 divide 18226327?
True
Is 144 a factor of 62365884?
False
Is 2628 a factor of 244608984?
True
Is 1272851 a multiple of 180?
False
Does 162 divide 820486908?
True
Is 25 a factor of 41381773?
False
Does 1580 divide 71999020?
True
Does 5 divide 542785?
True
Is 3230 a factor of 1423561130?
True
Does 957 divide 16952298?
True
Is 3885 a factor of 2366299110?
True
Is 1174765984 a multiple of 196?
True
Does 717 divide 89328879?
True
Is 238952596 a multiple of 641?
False
Does 102 divide 9818900?
False
Is 149 a factor of 7762304?
True
Is 332146122 a multiple of 40?
False
Is 216179580 a multiple of 394?
False
Is 18299238 a multiple of 19?
False
Is 22396382 a multiple of 578?
False
Is 7 a factor of 45304836?
False
Is 1100 a factor of 340183418?
False
Is 543065879 a multiple of 19?
False
Does 1028 divide 109094444?
True
Is 14 a factor of 189777616?
True
Is 34 a factor of 3123155102?
True
Is 9765836 a multiple of 61?
False
Is 48661847 a multiple of 118?
False
Does 178 divide 6168056?
True
Is 6 a factor of 50843628?
True
Does 15 divide 1837825?
False
Is 1408369878 a multiple of 142?
False
Does 14 divide 1047253187?
False
Is 8371514 a multiple of 38?
True
Does 5825 divide 1221843137?
False
Is 2 a factor of 12057275?
False
Is 55 a factor of 1898532240?
True
Is 612 a factor of 15300000?
True
Does 26 divide 44626846?
False
Is 16 a factor of 45352560?
True
Is 647987136 a multiple of 10092?
True
Is 18 a factor of 27167418?
True
Does 1111 divide 1957718188?
False
Is 117 a factor of 4008007926?
True
Is 46547259 a multiple of 1353?
True
Does 575 divide 71958375?
True
Does 25 divide 1794772525?
True
Is 12 a factor of 208691280?
True
Is 403430104 a multiple of 1138?
True
Is 13 a factor of 346926749?
True
Is 2651 a factor of 1398113541?
True
Is 65826432 a multiple of 81?
True
Does 66 divide 42129119?
False
Is 3475498 a multiple of 1739?
False
Is 59408063 a multiple of 16?
False
Is 394 a factor of 1450624078?
True
Is 17 a factor of 977385493?
False
Does 7 divide 179590?
False
Is 8 a factor of 463020032?
True
Is 7944180 a multiple of 60?
True
Is 394 a factor of 154713162?
True
Is 14 a factor of 84183722?
True
Is 270 a factor of 38025614?
False
Does 4966 divide 1196619733?
False
Is 7886365 a multiple of 51?
False
Is 4977240 a multiple of 3363?
True
Is 195794735 a multiple of 818?
False
Is 28 a factor of 500814867?
False
Does 769 divide 13779830?
False
Is 1994211430 a multiple of 178?
True
Does 275 divide 285162355?
False
Is 68 a factor of 71445492?
True
Is 18798960 a multiple of 584?
True
Is 6 a factor of 20618035?
False
Is 2269841592 a multiple of 8?
True
Is 270 a factor of 36470517?
False
Does 65 divide 139418045?
True
Is 40984128 a multiple of 7?
False
Is 200765576 a multiple of 11?
True
Is 327 a factor of 1022049291?
True
Is 772293577 a multiple of 319?
True
Does 32 divide 250242080?
True
Is 620279429 a multiple of 427?
False
Is 48 a factor of 312948020?
False
Does 3303 divide 379996938?
True
Does 105 divide 19191375?
True
Is 1510231132 a multiple of 180?
False
Is 452 a factor of 133773715?
False
Is 39453038 a multiple of 8?
False
Does 8183 divide 773588088?
True
Is 31 a factor of 4361722934?
False
Does 364 divide 719638920?
True
Is 38164550 a multiple of 794?
False
Is 128 a factor of 104533450?
False
Is 1425953230 a multiple of 95?
True
Does 131 divide 20603811?
True
Is 131 a factor of 16201798?
False
Is 10 a factor of 1312569370?
True
Is 324229810 a multiple of 18?
False
Does 27 divide 238404924?
True
Is 593337551 a multiple of 31?
True
Is 1308814 a multiple of 4?
False
Does 26 divide 63508120?
True
Does 42 divide 3910135530?
True
Is 1970048909 a multiple of 2581?
True
Is 7 a factor of 17008145?
True
Does 28 divide 790631408?
True
Does 18 divide 401387220?
True
Does 156 divide 1064986374?
False
Is 12 a factor of 8684026?
False
Is 1016 a factor of 18412968?
True
Is 20438104 a multiple of 442?
False
Is 644990450 a multiple of 29?
True
Is 246405712 a multiple of 6?
False
Is 530976348 a multiple of 12?
True
Does 1944 divide 1902589951?
False
Does 25 divide 6573457?
False
Does 42 divide 597912?
True
Does 145 divide 2510307715?
True
Does 42 divide 873629064?
True
Is 16 a factor of 15374272?
True
Is 84 a factor of 88235895?
False
Is 22020873 a multiple of 21?
True
Does 4640 divide 4235310727?
False
Is 92 a factor of 47774471?
False
Does 3 divide 711538385?
False
Is 1940 a factor of 86142365?
False
Is 957576114 a multiple of 198?
True
Is 396812 a multiple of 31?
False
Is 27 a factor of 139072005?
True
Does 15 divide 114619940?
False
Does 2022 divide 234140838?
False
Is 85 a factor of 759566521?
False
Is 1196 a factor of 731494291?
False
Is 65240596 a multiple of 81?
False
Does 133 divide 64735888?
True
Is 185 a factor of 1054814412?
False
Is 2583345247 a multiple of 9?
False
Is 3906 a factor of 9893898?
True
Is 89395663 a multiple of 631?
True
Does 68 divide 401571416?
True
Is 5182297 a multiple of 423?
False
Does 14 divide 644732274?
False
Does 13 divide 799492266?
False
Is 24 a factor of 2055354665?
False
Is 18 a factor of 8673786?
True
Is 105 a factor of 1047547095?
True
Is 78 a factor of 11221002?
True
Is 217 a factor of 17275851?
False
Is 16 a factor of 16001810?
False
Is 6 a factor of 141720448?
False
Is 722 a factor of 7365805?
False
Is 129686076 a multiple of 42?
False
Does 2659 divide 765366281?
False
Is 11 a factor of 9218418?
True
Is 11738410 even?
True
Is 41 a factor of 218972103?
True
Is 304606755 a multiple of 45?
True
Does 4 divide 1316360?
True
Is 18 a factor of 484450812?
True
Does 9 divide 41704785?
True
Does 740 divide 10355032?
False
Is 704 a factor of 39410437?
False
Is 5 a factor of 386626780?
True
Is 4516839964 a multiple of 364?
True
Is 2063 a factor of 3549777775?
False
Is 463411038 a multiple of 3426?
True
Does 21 divide 1105411556?
False
Is 122 a factor of 40057602?
True
Is 11688204 a multiple of 33?
True
Is 689963 a multiple of 14?
False
Is 42913642 a multiple of 2289?
False
Is 769 a factor of 39594272?
True
Is 3278 a factor of 85346008?
True
Is 1744 a factor of 1932352?
True
Is 27 a factor of 62875818?
True
Does 76 divide 8845868?
True
Is 8342169 a multiple of 69?
True
Is 23 a factor of 17990715?
True
Is 104411140 a multiple of 12?
False
Is 19159113 a multiple of 2?
False
Is 11 a factor of 1012176011?
True
Is 12227666 a multiple of 859?
False
Is 521292648 a multiple of 5?
False
Is 104 a factor of 923453128?
True
Is 17842908 a multiple of 42?
False
Is 1185066 a multiple of 1161?
False
Does 6097 divide 606999029?
True
Is 51730387 a multiple of 9?
False
Does 24 divide 92843662?
False
Is 285 a factor of 115073702?
False
Does 2795 divide 26613990?
True
Is 370305267 a multiple of 2200?
False
I